eatest common divisor of 873974 and 758.
758
Calculate the highest common factor of 705 and 80.
5
What is the highest common divisor of 1722 and 48626?
82
What is the highest common factor of 932841 and 195?
39
What is the greatest common divisor of 1506573 and 189?
27
What is the greatest common divisor of 484 and 92268?
44
Calculate the greatest common divisor of 1150359 and 21.
21
What is the greatest common factor of 145336 and 9176?
296
Calculate the highest common divisor of 11525 and 10.
5
What is the greatest common divisor of 20990 and 30?
10
Calculate the greatest common factor of 22281 and 28.
7
Calculate the greatest common divisor of 25369 and 2507.
23
Calculate the greatest common factor of 208 and 507728.
208
What is the greatest common factor of 4503 and 8208?
57
Calculate the highest common factor of 62 and 5239.
31
Calculate the highest common divisor of 676 and 9880.
52
Calculate the highest common factor of 22774 and 472.
118
Calculate the greatest common divisor of 17068 and 204.
68
Calculate the highest common divisor of 95778 and 374.
34
Calculate the greatest common factor of 3741 and 51213.
129
Calculate the highest common divisor of 1369 and 1887.
37
Calculate the greatest common factor of 12761 and 56.
7
What is the greatest common factor of 11460 and 285?
15
What is the greatest common divisor of 1881 and 441826?
209
Calculate the greatest common divisor of 4940 and 3040.
380
What is the highest common divisor of 406 and 16414?
58
What is the greatest common factor of 34968 and 296?
8
Calculate the highest common factor of 26 and 28964.
26
What is the greatest common divisor of 460 and 59150?
10
Calculate the greatest common divisor of 174162 and 60.
6
What is the highest common factor of 56 and 392686?
14
What is the greatest common divisor of 5808 and 66?
66
Calculate the greatest common divisor of 18848 and 10168.
248
What is the greatest common divisor of 110 and 30415?
55
Calculate the greatest common factor of 472 and 633601.
59
Calculate the greatest common factor of 70 and 1247170.
10
Calculate the highest common divisor of 177 and 3450792.
177
Calculate the highest common divisor of 1190 and 91171.
17
What is the highest common factor of 92 and 456757?
23
What is the highest common factor of 949 and 5876?
13
Calculate the highest common factor of 5232 and 15369.
327
Calculate the greatest common divisor of 54 and 606987.
27
Calculate the greatest common divisor of 28790 and 250.
10
Calculate the greatest common factor of 132530 and 6398.
914
Calculate the highest common divisor of 1292 and 2176.
68
What is the highest common divisor of 30 and 364560?
30
Calculate the highest common divisor of 704 and 545.
1
Calculate the highest common divisor of 4575 and 30.
15
Calculate the highest common divisor of 92711 and 83.
83
Calculate the greatest common divisor of 47523 and 147.
21
What is the greatest common factor of 8 and 176158?
2
What is the highest common divisor of 115440 and 3760?
80
What is the highest common factor of 3568096 and 4685?
937
What is the greatest common divisor of 27645 and 16815?
285
Calculate the greatest common divisor of 753088 and 19680.
1312
What is the greatest common factor of 101768 and 904?
8
Calculate the highest common factor of 632 and 2544.
8
Calculate the highest common factor of 422205 and 840.
105
What is the highest common divisor of 33 and 321387?
33
Calculate the greatest common factor of 128 and 123584.
64
What is the highest common divisor of 154 and 25322?
22
What is the highest common divisor of 42 and 48986?
14
Calculate the highest common divisor of 15 and 25673.
1
Calculate the greatest common divisor of 64 and 7328.
32
Calculate the greatest common factor of 403120 and 32.
16
Calculate the highest common factor of 70 and 5205.
5
What is the greatest common factor of 203 and 137692?
29
What is the highest common divisor of 80 and 57260?
20
Calculate the greatest common factor of 1740474 and 1336.
334
What is the greatest common factor of 1392 and 1712?
16
Calculate the highest common divisor of 81024 and 48.
48
What is the greatest common factor of 14 and 552734?
14
Calculate the greatest common divisor of 6116 and 53932.
556
Calculate the greatest common factor of 8662 and 47580.
122
What is the highest common divisor of 627 and 357808?
209
Calculate the highest common divisor of 25944 and 29256.
552
Calculate the highest common factor of 9975 and 28665.
105
What is the highest common factor of 89395 and 15?
5
Calculate the greatest common divisor of 26 and 88714.
2
What is the highest common divisor of 96 and 395544?
24
What is the greatest common factor of 66 and 129558?
66
Calculate the greatest common divisor of 473 and 903602.
43
Calculate the highest common factor of 501 and 54275.
167
What is the greatest common divisor of 649 and 531059?
59
What is the greatest common factor of 796244 and 7124?
548
Calculate the greatest common divisor of 60 and 42260.
20
What is the greatest common divisor of 1133 and 16819?
11
Calculate the highest common divisor of 1479 and 10527.
87
Calculate the highest common factor of 480 and 825280.
160
Calculate the highest common factor of 9189 and 27.
9
Calculate the highest common divisor of 64 and 105512.
8
What is the highest common divisor of 12 and 87390?
6
Calculate the highest common factor of 115 and 39008.
23
Calculate the highest common divisor of 620283 and 2388.
597
Calculate the greatest common factor of 128 and 1564.
4
What is the highest common factor of 161235 and 1710?
45
What is the greatest common divisor of 153 and 38607?
51
What is the highest common divisor of 252 and 7866?
18
Calculate the highest common factor of 32895 and 271287.
387
Calculate the highest common factor of 3895 and 2318.
19
Calculate the greatest common divisor of 13554 and 198.
18
What is the highest common divisor of 1212315 and 390?
195
Calculate the highest common factor of 150591 and 10908.
303
Calculate the highest common divisor of 119958 and 12.
6
What is the greatest common divisor of 167137 and 1191?
397
Calculate the greatest common divisor of 50862 and 49.
49
What is the greatest common factor of 41 and 1043327?
41
Calculate the greatest common divisor of 42864 and 190.
38
What is the greatest common factor of 468 and 94588?
52
Calculate the greatest common divisor of 770 and 32835.
55
What is the greatest common divisor of 1840 and 315376?
368
What is the greatest common factor of 14989 and 894728?
1153
Calculate the highest common divisor of 80 and 1164560.
80
What is the greatest common factor of 78 and 129480?
78
Calculate the greatest common factor of 741 and 6903.
39
What is the greatest common factor of 782834 and 2?
2
Calculate the highest common factor of 702 and 9880.
26
Calculate the greatest common divisor of 509401 and 134.
67
What is the highest common factor of 39369 and 1353?
33
What is the highest common divisor of 11194 and 31266?
386
Calculate the greatest common divisor of 16029 and 81.
9
Calculate the greatest common divisor of 17215 and 55.
55
Calculate the greatest common factor of 1034 and 8653546.
1034
Calculate the highest common factor of 3306 and 1100670.
114
What is the greatest common factor of 1040 and 140240?
80
What is the greatest common divisor of 232034 and 19822?
1166
Calculate the greatest common divisor of 215710 and 88.
22
Calculate the highest common divisor of 128 and 14752.
32
What is the highest common divisor of 52 and 92044?
4
What is the highest common factor of 676685 and 1257?
419
Calculate the greatest common divisor of 4482 and 7221.
249
Calculate the highest common factor of 298991 and 706.
353
Calculate the greatest common factor of 7385 and 15365.
35
Calculate the highest common factor of 8502 and 91778.
218
What is the greatest common divisor of 8788 and 2366?
338
Calculate the highest common divisor of 168346 and 1394.
82
Calculate the greatest common factor of 420 and 672420.
420
What is the highest common divisor of 7625 and 24217?
61
What is the highest common divisor of 212344 and 380?
76
What is the highest common factor of 241248 and 1344?
672
What is the highest common factor of 5083 and 939964?
391
What is the highest common factor of 1264 and 8592?
16
Calc